ue
Is 668166013 prime?
True
Is 3392855689 a composite number?
False
Is 94519118794 a prime number?
False
Is 24396821 a composite number?
False
Is 10823787713 prime?
True
Is 3923369221 composite?
True
Is 20024998457 a prime number?
False
Is 2866875119 prime?
False
Is 1065024919 a prime number?
False
Is 270098869 a prime number?
True
Is 3238162927 prime?
False
Is 827314913 a composite number?
True
Is 11355408173 a prime number?
True
Is 14397307387 prime?
False
Is 1219030279 composite?
True
Is 136933785617 composite?
True
Is 1565302229 composite?
True
Is 13486112195 a prime number?
False
Is 27925377911 prime?
True
Is 97012073 prime?
False
Is 25934194877 a prime number?
True
Is 53032907 a prime number?
False
Is 632360809 composite?
False
Is 4505119019 prime?
True
Is 2318123729 composite?
True
Is 91751279 a composite number?
False
Is 1164520571 a prime number?
False
Is 204335530019 a prime number?
False
Is 74483249669 a composite number?
True
Is 43759128566 a composite number?
True
Is 178186903 a composite number?
True
Is 66223383739 composite?
False
Is 619382507 prime?
True
Is 2444902247 prime?
True
Is 31842822169 composite?
False
Is 3313892801 composite?
False
Is 2659244683 a composite number?
False
Is 1886964289 prime?
False
Is 57292209781 a prime number?
True
Is 665792087 prime?
False
Is 3648044311 a composite number?
False
Is 104144160469 a composite number?
False
Is 1224789211 a composite number?
False
Is 1024549937 a composite number?
False
Is 7085860073 a composite number?
True
Is 3044810323 composite?
True
Is 3164276173 a prime number?
False
Is 7085496149 a prime number?
True
Is 514402907 a composite number?
False
Is 31773887 a composite number?
True
Is 69855473 composite?
True
Is 60809738569 a prime number?
True
Is 2807310193 a prime number?
False
Is 38806090969 a prime number?
True
Is 42971009187 prime?
False
Is 94125369847 a composite number?
True
Is 79163869 a composite number?
False
Is 15142189453 a composite number?
False
Is 574419938 composite?
True
Is 7202104979 composite?
False
Is 38343391 a prime number?
True
Is 12248115967 composite?
True
Is 465978761 a composite number?
True
Is 53224525771 a composite number?
True
Is 1371925831 a prime number?
False
Is 1462346693 composite?
True
Is 227763065357 a composite number?
False
Is 19366013221 a prime number?
False
Is 328556729 a composite number?
True
Is 13624156265 a composite number?
True
Is 5162055131 composite?
True
Is 2882501669 a prime number?
True
Is 20168241101 a composite number?
False
Is 11087032597 prime?
True
Is 2041687339 prime?
True
Is 75722840317 a prime number?
True
Is 7970589721 a composite number?
True
Is 126663463 a prime number?
True
Is 1609409507 a prime number?
True
Is 16664214103 a prime number?
True
Is 518255915 a composite number?
True
Is 1358124329 a prime number?
False
Is 1807671379 prime?
True
Is 7329500489 a prime number?
True
Is 195223781 prime?
True
Is 2499692939 composite?
False
Is 1559918099 composite?
False
Is 596270197 a prime number?
True
Is 643766039 a prime number?
False
Is 24351904139 composite?
False
Is 158988194678 a prime number?
False
Is 22598350889 a prime number?
True
Is 4416239479 a prime number?
True
Is 246166231 prime?
False
Is 3932656421 a composite number?
True
Is 6842912837 a prime number?
False
Is 125690612921 composite?
False
Is 3029385641 composite?
False
Is 25827122677 a prime number?
True
Is 6266023291 a prime number?
False
Is 4669553459 prime?
True
Is 187376719 a prime number?
False
Is 313675035959 prime?
True
Is 3452496869 a composite number?
False
Is 288445369 a composite number?
True
Is 545386889 a prime number?
True
Is 478977757 a prime number?
False
Is 2648142383 a composite number?
True
Is 551251073 a prime number?
True
Is 2309643373 prime?
False
Is 20349105863 prime?
False
Is 1583870749 a prime number?
True
Is 548727107 a prime number?
True
Is 16292787221 prime?
False
Is 6558599141 composite?
False
Is 374261267 composite?
True
Is 2074482323 a composite number?
True
Is 14014186301 a prime number?
False
Is 11382124111 prime?
True
Is 4545521681 composite?
False
Is 5029864409 a composite number?
True
Is 61170469 a prime number?
True
Is 1518566669 prime?
True
Is 28864299869 a prime number?
False
Is 13961072513 a composite number?
False
Is 4331188129 a composite number?
True
Is 15525625247 a prime number?
False
Is 422636021 a prime number?
True
Is 10649153527 composite?
False
Is 2916880781 prime?
True
Is 5211963247 composite?
False
Is 33312661 a composite number?
False
Is 29133259699 a prime number?
False
Is 2034743591 a prime number?
False
Is 11038709299 a prime number?
False
Is 171130639 a prime number?
False
Is 2799507857 a composite number?
True
Is 269829398573 a prime number?
False
Is 3412260769 composite?
False
Is 9144856379 prime?
True
Is 2499540629 a prime number?
True
Is 1172016761 composite?
True
Is 84963191 prime?
True
Is 305527069 a composite number?
False
Is 1627255033 a composite number?
False
Is 39748881401 a prime number?
True
Is 13788299989 a composite number?
False
Is 27858888259 a prime number?
False
Is 4136093801 a composite number?
True
Is 46823129311 composite?
True
Is 1091705191 a prime number?
True
Is 1982737397 a composite number?
False
Is 1329568297 composite?
True
Is 141209271067 a prime number?
True
Is 13710309803 prime?
True
Is 6512913677 a composite number?
False
Is 12160517153 a composite number?
True
Is 509536673 prime?
False
Is 1735318003 a prime number?
False
Is 3587638666 a prime number?
False
Is 6221195377 a composite number?
True
Is 473761663 a composite number?
True
Is 2704731269 prime?
True
Is 3604692557 composite?
False
Is 2480274451 a composite number?
False
Is 52289627833 a composite number?
False
Is 403501223 prime?
False
Is 164916403 a composite number?
False
Is 1066090189 prime?
True
Is 7941186469 prime?
True
Is 504651331 composite?
False
Is 6856795877 prime?
True
Is 26006286389 composite?
True
Is 7605437309 a composite number?
False
Is 556293641 prime?
True
Is 21724846238 prime?
False
Is 628900543 a prime number?
False
Is 31894500871 a prime number?
False
Is 226981003 composite?
False
Is 14238248209 composite?
False
Is 13082412913 a prime number?
True
Is 185405460155 composite?
True
Is 2898954341 a prime number?
True
Is 384284009 a prime number?
False
Is 1316111303 composite?
True
Is 16729190449 a prime number?
False
Is 2829249299 a prime number?
True
Is 7350865693 a composite number?
True
Is 2936630051 composite?
False
Is 58924427 prime?
False
Is 252134789293 a composite number?
True
Is 1194027683 a composite number?
False
Is 338002949 prime?
False
Is 1571749393 prime?
True
Is 57130407979 prime?
True
Is 490167203 composite?
False
Is 34046242579 composite?
True
Is 1200462682 composite?
True
Is 18600007897 a composite number?
True
Is 4227108731 a prime number?
True
Is 6963039323 a prime number?
False
Is 1308512287 prime?
False
Is 49566747151 composite?
False
Is 308201123 composite?
True
Is 4571440801 composite?
True
Is 12983275639 prime?
True
Is 24044548505 prime?
False
Is 229301911 composite?
True
Is 316245119 a prime number?
True
Is 16685498381 a composite number?
True
Is 40058376929 a composite number?
False
Is 567239689 a prime number?
True
Is 681387937 a prime number?
False
Is 1659559267 a prime number?
False
Is 19402818667 composite?
False
Is 4590049033 prime?
True
Is 27760376867 a prime number?
True
Is 8429699123 composite?
True
Is 28388209805 a prime number?
False
Is 6765251953 a prime number?
True
Is 23512960279 a composite number?
False
Is 1143857231 prime?
False
Is 482224577 composite?
False
Is 25786277663 a prime number?
True
Is 19393376783 a composite number?
True
Is 208225723 a composite number?
False
Is 8558989 a prime number?
False
Is 1953041551 a prime number?
True
Is 684481349 a composite number?
True
Is 2640542543 a prime number?
True
Is 112010765621 a prime number?
True
Is 22823238901 a composite number?
False
Is 1795180327 a composite number?
False
Is 5666769211 a prime number?
True
Is 928573561 composite?
True
Is 6256998005 composite?
True
Is 31442647 a prime number?
False
Is 48997101449 a composite number?
False
Is 34294654883 composite?
True
Is 9991653673 a prime number?
True
Is 3016403657 a composite number?
False
Is 10024837993 a composite number?
True
I